Let w(f) = -41*f - 11. What is the tens digit of w(g)?
6
Let o(q) = -6*q + 54. Suppose 4*n - 12 - 24 = 0. Let i be o(n). Suppose 4*m = -4*x + 688, 2*x - 5*x + m + 536 = i. What is the tens digit of x?
7
Let y be (3 + -2)*(6 - -9). Suppose y*k + 33*k = 27888. What is the tens digit of k?
8
Let y(c) = 8*c - 35. Let p be y(-3). Let g = 437 + p. What is the tens digit of g?
7
Let o(l) = -l**2 + 10*l - 14. Let b be o(8). What is the tens digit of (-402)/b*3/(-9)?
6
Let k = -17617 - -32489. Suppose 31*r = 44*r - k. What is the units digit of r?
4
Let r(p) = 34*p - 334. Suppose -414*s + 410*s + 192 = 0. What is the thousands digit of r(s)?
1
Let n be 4/22 - 1/((-22)/172). Suppose 3*u - 2*d + 322 = 4*u, 0 = 2*d + n. What is the tens digit of u?
3
Let j = -14310 - -21898. Suppose -j = 9*p - 22240. What is the tens digit of p?
2
Suppose 2*k + n - 4188 - 3201 = 0, 4*k - 4*n = 14748. What is the tens digit of k?
9
Suppose 106*w - 103*w - 30045 = 0. What is the hundreds digit of w?
0
Suppose -12*u + 175 = 55. Let k(q) = -q**3 + 15*q**2 - 2*q - 52. What is the tens digit of k(u)?
2
Let s = -82195 - -123715. What is the units digit of s?
0
Suppose -8*q - 48 = -12*q. Suppose -q*o = 2*o - 1806. Suppose -11*p + o = -553. What is the units digit of p?
2
Let a(q) = -6*q - 9. Let z(y) = 4*y + 6. Let o(t) = -5*a(t) - 8*z(t). Let w be o(-4). Suppose -3*s - 46 = -w*s. What is the tens digit of s?
2
What is the ten thousands digit of ((-7 + 1)/30)/(2207545/367925 - 6)?
1
Suppose 3*c - d - 19 = 0, 0 = -c - 5*d + 6*d + 5. Suppose 2*p - 3*s - 2616 = -c*s, -2*s = -3*p + 3932. What is the units digit of p?
0
What is the hundreds digit of ((-2440)/(-2))/(-14 - (-516)/36)?
6
Let w(n) = -3507*n - 1701. What is the hundreds digit of w(-8)?
3
Let s(u) = 140*u**2 - u - 17. Let w be s(-5). Suppose -26*c = -22*c - w. What is the hundreds digit of c?
8
Let l be ((-8)/(-6))/((-4)/24). What is the tens digit of -5 - (-689 + 6 - l)?
7
Let a be ((-9 - 24) + -3)*(-16)/(-6). What is the hundreds digit of (a/(-36))/((-2)/(-417))?
5
Let j = -15146 + 58179. What is the thousands digit of j?
3
Suppose -24 = -5*s + 1. Suppose -22 = -4*x + 5*u - 1, 3*u + 15 = 3*x. Suppose -x*c + h - 5*h = -400, s*c - 480 = 5*h. What is the units digit of c?
8
Suppose 20284 = 14*q - 5420. What is the tens digit of q?
3
Suppose 745 = 2*l - 855. Let z = 8669 + -8659. Suppose -z*b + 6*b + l = 0. What is the units digit of b?
0
Suppose -12*f - 2 = -2. Suppose -5*h - 4*q = -1404, f = 4*h - 3*h - 5*q - 275. What is the tens digit of h?
8
Suppose 27*c - 3*c - 220164 = 3*c. What is the thousands digit of c?
0
Let p(d) be the third derivative of 43*d**6/60 - d**5/30 + d**4/24 - 5*d**3/6 - 175*d**2. What is the hundreds digit of p(2)?
6
Let g = -12295 - -18820. What is the hundreds digit of g?
5
Suppose 0 = -105*p + 423*p - 4869216. What is the hundreds digit of p?
3
Let b = 29263 + -6456. What is the hundreds digit of b?
8
Let f = -112 + 114. Suppose -10 = -f*q - 0*g - 5*g, 3*g = 0. Suppose -q*d + 491 = -159. What is the hundreds digit of d?
1
Suppose 5*a + 1736*n - 65140 = 1738*n, 0 = -4*a + n + 52112. What is the thousands digit of a?
3
Suppose 4*k - 2 = 14, 24 = 4*t + 4*k. What is the tens digit of 10085/65 + t/(-13)?
5
Let c(o) = 12491*o + 1370. What is the thousands digit of c(4)?
1
Let z(j) = j**2 - 9*j - 5. Let h be z(10). Suppose -14 = -2*n - 4*r + 8, 3*r - 48 = -h*n. Suppose -5*m - 48 = -n*m. What is the units digit of m?
2
Let v(a) = 2178*a - 1106. What is the ten thousands digit of v(17)?
3
Suppose 0 = -53*a + 216295 - 25071. What is the thousands digit of a?
3
Let l = 240 + -228. Let i(s) be the first derivative of -s**3/3 + 9*s**2 - 17*s - 6. What is the units digit of i(l)?
5
Let s(h) = 4*h**2 + 90*h - 1701. What is the ten thousands digit of s(-93)?
2
Suppose -q + 6 = 0, q + 2*q = 5*x - 246122. What is the thousands digit of x?
9
Let v be (5/(-5) - 0)*0. Let d(s) = 30 - 5*s - 35 + v*s**2 + s**2. What is the tens digit of d(-4)?
3
Suppose 0 = -56*f + 2705132 + 1504052. What is the tens digit of f?
6
Let g(k) = 3652*k**2 - 35*k + 36. What is the tens digit of g(1)?
5
Let g = -619 + 995. Let b = -162 + g. Suppose -3*n + 281 = 2*f, -2*n - 40 + b = -2*f. What is the units digit of n?
1
Suppose -3*y + m + 15209 - 302 = 0, -3*m + 9960 = 2*y. What is the tens digit of y?
7
Suppose -13*y - 5*y = -78*y + 1512180. What is the tens digit of y?
0
Let u(m) = -m**3 - 7*m**2 + 7*m - 13. Let z(o) = -4*o**2 - 5*o - 8*o + 3*o**2 + 12*o. Let s(j) = u(j) - 4*z(j). What is the tens digit of s(-8)?
1
Suppose 5*l = 4*g + 112058, -355*g + 4 = -357*g. What is the thousands digit of l?
2
Let a be (0 - (1 - 0))*(-15)/5. Suppose -o - 123 = -3*x, 164 = 4*x - a*o - 2*o. What is the units digit of x?
1
Suppose -11*w + 21 = -12. Suppose -z = -g + 36, -2*g - w*z = 3*g - 220. What is the tens digit of g?
4
Let f = 98 + -96. Suppose z - f*z = -312. What is the tens digit of z?
1
Suppose 5*y = 18*b - 13*b + 87145, -b = 3*y - 52287. What is the ten thousands digit of y?
1
What is the tens digit of 1036 - (-10 - -19 - 2)?
2
Suppose -4*u + 4*z = 1572, 0 = 4*z + 5 + 15. Let a = u - -674. What is the units digit of a?
6
Let t(v) = -v**3 - 4*v**2 + 15*v - 1. Let w be t(-5). Suppose 4*r - 69139 = 5*p + 2*r, -3*r = 3*p + 41475. What is the hundreds digit of p/w + (-14)/119?
2
Let u = 147 + 172. Let v = u + -173. What is the tens digit of (v - (0 + (0 - 0))) + -2?
4
Suppose -13221 - 1675 = -3*w - r, 0 = -w - 2*r + 4957. What is the tens digit of w?
6
Let h be (0 + (-3814)/(-3))*(-9)/(-6). Let j = h - 471. What is the thousands digit of j?
1
Let v = 374 - 1858. What is the units digit of 0 + 4/7 + (-2541244)/v?
3
Suppose -58*n - 10*n - 82*n = -1090650. What is the thousands digit of n?
7
Let k = -13163 - -21994. What is the units digit of k?
1
Let m(a) = 71*a - 1896. What is the thousands digit of m(117)?
6
Let m(v) = 7464*v - 933. What is the units digit of m(7)?
5
Let h = 105 + -45. Let z = -53 + h. Suppose -1182 = -z*g + g. What is the tens digit of g?
9
Let p = -105 - -124. Suppose 804 = -p*c + 21*c. What is the hundreds digit of c?
4
Let f = -522 + 1156. What is the thousands digit of f*((-3)/(-1))/((-6)/(-4))?
1
Suppose -s + 23043 = j, 92196 = 69*s - 65*s - 2*j. What is the tens digit of s?
4
Let x = -1388 - -1393. Let z(n) = -4*n**3 - n**2 + 5*n - 11. Let g(r) = -5*r**3 - 2*r**2 + 4*r - 11. Let w(c) = 3*g(c) - 4*z(c). What is the tens digit of w(x)?
4
Let o(c) = -c**3 - 13*c**2 + c + 41. Let p be o(-13). What is the tens digit of ((-70)/p)/((-3)/(2*339))?
6
Suppose 82*j - 86*j = -220. Suppose 3*h + j = 250. What is the units digit of h?
5
Suppose 3*a + 4*b + 15 + 70 = 0, a + 2*b = -27. Let q = a - -31. Suppose q = -4*z - y + 44, 5*z + 5*y = y + 66. What is the tens digit of z?
1
Let s(l) = 13*l - 2. Let f be s(1). Suppose g + 2*t - 1 - f = 0, 0 = 2*g + 3*t - 23. Let x(a) = 2*a**2 - 7*a - 9. What is the units digit of x(g)?
1
What is the hundreds digit of 0 - 3 - -243*285/45?
5
Let u(z) = 21*z**2 + 164*z + 257. What is the ten thousands digit of u(-49)?
4
Let m = 11194 - -8342. What is the ten thousands digit of m?
1
Suppose -z + 14*z - 130207 = -3392. What is the units digit of z?
5
Let w = -68094 - -96973. What is the hundreds digit of w?
8
Let d(k) = 3*k**2 + 12*k - 2. Suppose 83*a - 80*a - 6 = 0. Let h be ((-4)/a + 1)*5. What is the tens digit of d(h)?
1
Let p be 4/6*((18 - 1) + 1). Let u(r) = -r**3 + 14*r**2 + r + 36. What is the tens digit of u(p)?
3
Let o be (-42)/(-18) - (12/9 + -1). Suppose -5*x - 3*r + 20 = -x, x + o*r = 5. Suppose -5*u + x*n = n - 276, -16 = 4*n. What is the units digit of u?
2
Let h = -20132 + 35893. What is the units digit of h?
1
Let t(s) = -s**3 - 17*s**2 + 48*s - 35. Let y be 3*(-5)/9*(28 - 16). What is the tens digit of t(y)?
0
Let h(r) = 2*r**3 + 8*r**2 - 11*r - 1. Let z(q) = -q**3 - 11*q**2 - 19*q - 4. Let p be z(-9). What is the hundreds digit of h(p)?
3
Suppose 3*q - 5*t - 15171 = 0, 0 = 4*q - 31*t + 26*t - 20223. What is the thousands digit of q?
5
Let m(u) = -u**3 + 13*u**2 + 11*u - 18. Let c be m(14). Let h = c + 24. Let v = 85 + h. What is the tens digit of v?
4
Suppose -25*t = -18*t + 28. What is the hundreds digit of -214*2/t + (-10 - -11)?
1
Let q(p) = 1072*p - 493*p - 2*p**2 - 520*p - 54. What i